 divisor of s and y.
8
Let f(g) = g**2 - 58*g + 217. Let q be f(55). Calculate the greatest common divisor of 2756 and q.
52
Let j(m) = m**2 + m + 6. Let t be j(0). Let i(a) = -a**3 - 6*a**2 - 6*a + 14. Let d be i(-4). What is the highest common factor of t and d?
6
Suppose 294 = -4*k + 330. Let t(n) = -n**3 + 7*n**2 + 23*n - 17. Let b be t(k). Calculate the highest common factor of b and 14.
14
Let x be -10 + (-45)/(-9) - 5*-1. Suppose x = -26*b + 2*b + 336. Calculate the highest common divisor of b and 8.
2
Suppose -i - 3*t = -26 + 10, 4 = 2*i - t. Suppose -2*q + 5*d = -295, -3*q + 201 = -d - 274. What is the greatest common divisor of q and i?
4
Let n be (-2243)/12*-2 - 21/(-126). Let g be 205/10 + (-6)/(-4). What is the greatest common divisor of n and g?
22
Suppose -7*l - 1157 = 411. Let y = -161 - l. What is the highest common factor of 504 and y?
63
Let v(g) = -2*g**3 + 16*g**2 + 214*g - 54. Let m be v(15). Calculate the greatest common divisor of m and 394.
2
Suppose 52*j - 10602 + 977 = 27*j. What is the greatest common divisor of 1100 and j?
55
Suppose -2*r - 359 = -419. What is the highest common factor of 70 and r?
10
Suppose 165*k - 3240 + 1711 = 1771. Calculate the highest common divisor of k and 380.
20
Suppose 3*f + r - 30 = -3, 2*f = 3*r + 29. Let d = 2 + f. Suppose 184 = 2*y + 4*x - 0*x, 2*y = 4*x + 200. Calculate the greatest common divisor of d and y.
12
Let f(y) = 5*y - 3. Let u be f(6). Suppose 0 = k - 5*s - 235 - 37, -4*k = -3*s - 1156. Let w = k + -265. Calculate the highest common divisor of w and u.
27
Let k be (5/15)/((-1)/(-15)). Suppose -3*u + u + 4*l + 468 = 0, k*u = -2*l + 1230. Let f = u - 170. Calculate the greatest common divisor of f and 111.
37
Let r = 12494 + -12284. Calculate the highest common divisor of r and 8750.
70
Let u = -653 - -1078. Let v = u + -315. What is the greatest common divisor of v and 44?
22
Suppose 3*q + 5*f - 3459 = -299, -4*q = 5*f - 4205. What is the highest common factor of 3344 and q?
209
Suppose 2*d = f + 3*f + 26, -d - 5*f = 8. Let i(p) = -13*p + 24. Let q be i(d). Let r = 71 + q. Calculate the highest common factor of r and 44.
4
Suppose -51*l - 297 = -230 - 271. Let i = 69 - 1. What is the highest common divisor of l and i?
4
Let a(h) = -h - 6*h**3 - 4*h - 8 - 4*h**2 + 7*h**3. Suppose 6 = 3*g - 3*b, -3*g + 5*b + 3 = g. Let r be a(g). What is the highest common factor of 156 and r?
52
Suppose -c + 3 = 0, -j + 3*c + 5 = -34. Let l be ((-2232)/310)/((-3)/50). Calculate the greatest common divisor of j and l.
24
Suppose -2*z = 2*t - 218 + 4, 3*t - 6 = 0. Suppose 4*f = -2*u + 8*f + 22, u = 4*f + 7. What is the highest common factor of u and z?
15
Suppose 16*m - 7648 + 1888 = 0. Let w = 147 + -3. What is the greatest common divisor of m and w?
72
Let s be ((-523)/10)/((-22)/55) + (-135)/(-108). Calculate the highest common divisor of s and 275.
11
Let c be (-7 + 44/6)*6 + 3196. What is the highest common divisor of 164 and c?
82
Suppose 5330 - 21423 = 13*s - 24*s. What is the greatest common factor of s and 38?
19
Let h be (-8 + (-6 - -6))*(1 + 1). Let t be (-100)/h + 8/(-32). Calculate the greatest common divisor of 102 and t.
6
Let x = 155 - 153. Let u be x/(6*1/6). Calculate the greatest common divisor of u and 80.
2
Let c(x) = 984 + 7*x**2 - 3*x + 0*x**3 - 988 - x**3. Let u be c(6). What is the greatest common factor of u and 126?
14
Let c = 3854 + -3758. Suppose 3*h + 7 = 223. What is the greatest common divisor of h and c?
24
Let r be (2 - 1 - 8) + 27 + -16 - -30460. What is the highest common divisor of r and 14?
14
Let f = 47 + -25. Suppose -2*i + 12 = -f. Suppose -2*g + 4*k + 106 = 0, -g - 2*k = -5*g + 206. Calculate the highest common factor of g and i.
17
Let a(t) = 34*t - 225. Let z be a(7). What is the highest common factor of 1586 and z?
13
Let z = 6858 + -1563. What is the greatest common factor of z and 15?
15
Let p = 263 - 203. Suppose 0 = 66*y - p*y - 144. Calculate the greatest common factor of 8 and y.
8
Suppose -5*c - 4*k + 468 = 0, 3*c + 28*k - 303 = 33*k. Calculate the greatest common factor of 240 and c.
48
Suppose 0 = 7*d - 16*d + 50 + 22. Calculate the greatest common divisor of 2456 and d.
8
Let o = -230 - -230. Suppose t = -3*d + d + 112, -4*d - t + 224 = o. Calculate the highest common factor of 280 and d.
56
Let j = 2806 - 59. Calculate the highest common factor of 82 and j.
41
Let h = -398 + 401. Suppose -20*o + h*o + 340 = 0. What is the highest common divisor of o and 130?
10
Let r be (-2784)/(-11) - ((-19557)/(-36531) + (-4)/9). Let q = -6 - -17. Calculate the greatest common factor of r and q.
11
Let v(z) = z**2 - 21*z + 106. Let h be v(12). Let r be (-1 - h)/((-1)/(-45)). Calculate the highest common factor of 495 and r.
45
Let r(j) = 332*j**2 - 6*j - 23. Let i be r(-5). What is the greatest common factor of i and 117?
117
Let k be 12/1 - (-9 + (4 - -5)). Suppose 5*n = -5*d + 390, 2*n - 140 = 4*d + 16. Calculate the highest common factor of n and k.
6
Suppose -75*t + x - 50 = -76*t, -3*x - 174 = -3*t. What is the highest common divisor of t and 1593?
27
Let q(c) = -c**3 - 19*c**2 - 19*c - 5. Let d be q(-18). Suppose 22*f - 4*h = 18*f - 28, f = -h + 9. Calculate the highest common factor of f and d.
1
Let u(r) = 2*r**2 + 14*r - 2676. Let a be u(-67). Calculate the highest common divisor of a and 149.
149
Suppose -4*j + 1075 = 3*q, -4*q + 1426 = 2*j - 4*j. Calculate the highest common factor of q and 105.
21
Let h = 5665 - 5654. Calculate the greatest common factor of 4224 and h.
11
Let z(y) = -9*y**2 + 44*y. Let d be z(5). Let c be d*(-1)/(35/168). Calculate the greatest common factor of c and 552.
24
Let w = -94 + 97. Suppose 0 = 3*j + 6, 364 = 2*u - 7*j + w*j. Let b be (-16)/4 + 2 + u. What is the greatest common factor of b and 22?
22
Suppose -18*o + 319 = -545. Calculate the highest common divisor of o and 258.
6
Let b(d) = 2*d**3 + 26*d**2 - d - 15. Let f be b(-13). Let c be 24/18*(-3)/(2/f). What is the highest common factor of c and 76?
4
Let u(o) = -21*o - 111. Let i be u(-6). Suppose i*z + 277 = 727. What is the highest common factor of z and 80?
10
Let r = 1328 + -1324. Calculate the highest common divisor of r and 38.
2
Let b = -372 + 390. Suppose 4*i + j - 18 = 199, -4*j - 212 = -4*i. What is the highest common divisor of b and i?
18
Let j(c) = 138*c + 2665. Let d be j(-6). What is the greatest common factor of 334 and d?
167
Suppose -b + 3*q + 4324 = 0, -b = 3*b + q - 17231. Calculate the highest common factor of b and 139.
139
Let j(i) = 0*i**2 + 24 - 36*i + 4 + 2*i**2. Let n be j(28). What is the greatest common divisor of n and 12?
12
Let l = -290 + 309. Suppose 23 + l = 14*o. Calculate the highest common factor of 12 and o.
3
Suppose -3*w + 3*h + 17 = -2*h, 12 = 4*w - 4*h. Let f be (3 - (-3 - -93)) + w. Let r = f - -128. What is the highest common factor of r and 60?
20
Suppose -4*h = -3*p + 45, -47 - 23 = -2*p - 4*h. Calculate the greatest common divisor of 25507 and p.
23
Let z be (-15)/2*(-32)/40. Suppose 2*b = -6, 3*o + 3*b = -z + 42. Suppose -5*r + 28 = 2*u, -5*u + o = 4*r - 4. What is the highest common factor of 4 and r?
2
Let d = -371 + 1743. Calculate the highest common factor of 84 and d.
28
Let t = -4597 + 5065. Calculate the greatest common divisor of t and 90.
18
Let z = 2912 - 2107. What is the greatest common factor of z and 920?
115
Let r = -55740 - -55756. Suppose 4*l - 345 = 103. Calculate the greatest common divisor of r and l.
16
Let m be (8/(-32))/((-2)/8). Let v be (-6)/(-9) - (-84)/9. Let w be 36/v + 0 - 105/175. Calculate the highest common factor of m and w.
1
Let r(z) = -11*z**3 + 5*z**2 - 11*z - 18. Let y be r(-2). Calculate the highest common divisor of y and 128.
16
Let s(v) = 3 + 2*v**3 - 3*v**3 + 2*v**3 - 31 - 17*v + v**2 + 18. Let q be s(6). Calculate the greatest common factor of 28 and q.
28
Let p be 33/363 + (-52381)/(-11) - -6. Calculate the highest common factor of p and 8.
8
Suppose -n + 1107 = 3*o, -13*o + 12*o + 4*n + 382 = 0. What is the greatest common divisor of 666 and o?
74
Let t(r) = 3*r**3 + r - 26. Let i be t(4). Suppose 0*z = -2*z + i. What is the greatest common divisor of 119 and z?
17
Suppose -7*t - 240 = -9*t. Suppose 2*i + 2*h - t = 6*h, -4*h = 2*i - 120. Suppose -369 = -12*